3831.
3, 93023759
What are the prime factors of 1402397802?
2, 3, 13, 433, 13841
List the prime factors of 90246697.
90246697
What are the prime factors of 117793274?
2, 19, 37, 199, 421
List the prime factors of 121058003.
11, 17, 223, 2903
List the prime factors of 2630928312.
2, 3, 36540671
List the prime factors of 473610119.
2377, 199247
What are the prime factors of 1911073779?
3, 59, 3599009
What are the prime factors of 540361028?
2, 113, 1195489
What are the prime factors of 91318949?
347, 263167
What are the prime factors of 780754416?
2, 3, 13, 277, 4517
List the prime factors of 393784953.
3, 131261651
What are the prime factors of 60048687?
3, 20016229
List the prime factors of 1894907809.
10861, 174469
List the prime factors of 4811630.
2, 5, 131, 3673
List the prime factors of 348273354.
2, 3, 11, 13, 29, 13997
List the prime factors of 732848790.
2, 3, 5, 24428293
What are the prime factors of 442096888?
2, 743, 74377
List the prime factors of 3372140822.
2, 29, 1579, 36821
What are the prime factors of 3467016?
2, 3, 7, 2293
List the prime factors of 945168086.
2, 472584043
What are the prime factors of 2565016198?
2, 31, 107, 386647
What are the prime factors of 158957090?
2, 5, 15895709
List the prime factors of 36482552.
2, 137, 33287
What are the prime factors of 111268043?
17, 23, 284573
What are the prime factors of 1359500825?
5, 19, 509, 5623
What are the prime factors of 166891559?
166891559
What are the prime factors of 207276066?
2, 3, 83, 138739
What are the prime factors of 163068260?
2, 5, 19, 429127
What are the prime factors of 442173768?
2, 3, 18423907
List the prime factors of 75529942.
2, 71, 531901
List the prime factors of 3261293169.
3, 1087097723
What are the prime factors of 1407728525?
5, 7, 19, 22283
What are the prime factors of 44391203?
44391203
What are the prime factors of 1540049?
7, 31, 47, 151
What are the prime factors of 201731004?
2, 3, 313, 17903
List the prime factors of 4184932.
2, 29, 43, 839
List the prime factors of 35705708.
2, 8926427
List the prime factors of 77016619.
113, 681563
What are the prime factors of 555509929?
13, 137, 23993
List the prime factors of 350335163.
350335163
List the prime factors of 507097244.
2, 126774311
List the prime factors of 53792055.
3, 5, 23, 51973
List the prime factors of 2551907765.
5, 11, 19, 2442017
What are the prime factors of 1049193864?
2, 3, 1453, 3343
What are the prime factors of 33392010?
2, 3, 5, 61, 71, 257
What are the prime factors of 203558605?
5, 4517, 9013
What are the prime factors of 42782107?
787, 54361
What are the prime factors of 790538761?
790538761
What are the prime factors of 62782128?
2, 3, 193, 251
List the prime factors of 3493591413.
3, 13, 419, 439, 487
List the prime factors of 565485439.
997, 567187
What are the prime factors of 34158226?
2, 17079113
List the prime factors of 58058661.
3, 19, 37, 27529
What are the prime factors of 1864141358?
2, 17, 251, 218437
List the prime factors of 68565580.
2, 5, 3428279
What are the prime factors of 35467832?
2, 19, 233341
What are the prime factors of 2862867479?
2862867479
List the prime factors of 21586076.
2, 5396519
What are the prime factors of 41486415?
3, 5, 97, 28513
What are the prime factors of 10989281?
59, 186259
What are the prime factors of 40145863?
40145863
List the prime factors of 1401657.
3, 29, 16111
What are the prime factors of 470578378?
2, 269, 874681
List the prime factors of 255898038.
2, 3, 11, 3877243
What are the prime factors of 35785880?
2, 5, 13, 68819
What are the prime factors of 160547290?
2, 5, 16054729
List the prime factors of 6703213.
11, 41, 89, 167
What are the prime factors of 2100493217?
2100493217
What are the prime factors of 189100626?
2, 3, 11, 13, 433, 509
List the prime factors of 1090691.
7, 22259
List the prime factors of 406018275.
3, 5, 13, 103, 311
What are the prime factors of 24704188?
2, 43, 143629
List the prime factors of 954668182.
2, 13, 1523, 24109
List the prime factors of 19243119.
3, 7, 916339
What are the prime factors of 4934573252?
2, 7, 8821, 19979
What are the prime factors of 1016009522?
2, 11, 17, 2716603
List the prime factors of 237868394.
2, 31, 3836587
List the prime factors of 17032173.
3, 37, 153443
What are the prime factors of 32551834?
2, 7, 59, 39409
What are the prime factors of 91547945?
5, 103, 177763
List the prime factors of 43548879.
3, 11, 109, 12107
List the prime factors of 4230261831.
3, 149, 1249, 7577
List the prime factors of 539354245.
5, 347, 310867
List the prime factors of 60913031.
19, 3205949
List the prime factors of 98537477.
19, 107, 2551
What are the prime factors of 1424221981?
7, 13, 173, 6959
List the prime factors of 28303657.
17, 59, 28219
List the prime factors of 152520833.
152520833
List the prime factors of 53650935.
3, 5, 13, 91711
What are the prime factors of 854298170?
2, 5, 11, 59, 139, 947
What are the prime factors of 3693489239?
11, 73, 4599613
List the prime factors of 175187074.
2, 17, 43, 119827
What are the prime factors of 473933485?
5, 94786697
List the prime factors of 2306160393.
3, 7417, 103643
What are the prime factors of 400943278?
2, 433, 462983
What are the prime factors of 1624336335?
3, 5, 4010707
What are the prime factors of 2094192334?
2, 13, 67, 173, 6949
What are the prime factors of 1237534139?
29, 263, 162257
List the prime factors of 455948525.
5, 18237941
What are the prime factors of 2705361561?
3, 7, 149, 288203
What are the prime factors of 351340770?
2, 3, 5, 11, 1064669
What are the prime factors of 152654038?
2, 131, 582649
What are the prime factors of 453453898?
2, 179, 1266631
List the prime factors of 336059979.
3, 112019993
List the prime factors of 4411717862.
2, 2205858931
What are the prime factors of 624927070?
2, 5, 1063, 58789
What are the prime factors of 1618589170?
2, 5, 11, 121607
What are the prime factors of 670099164?
2, 3, 7, 727, 10973
What are the prime factors of 236947667?
11, 37, 582181
What are the prime factors of 45991394?
2, 22995697
What are the prime factors of 495590108?
2, 13, 23, 61, 6793
What are the prime factors of 7585676895?
3, 5, 505711793
What are the prime factors of 838032079?
79, 10608001
What are the prime factors of 90531228?
2, 3, 7544269
What are the prime factors of 63017379?
3, 997, 2341
List the prime factors of 40169603.
40169603
List the prime factors of 1602968949.
3, 178107661
What are the prime factors of 54733532?
2, 7, 1954769
List the prime factors of 63882424.
2, 37, 107, 2017
What are the prime factors of 15848177?
15848177
List the prime factors of 1418936235.
3, 5, 94595749
What are the prime factors of 48080959?
149, 523, 617
What are the prime factors of 29568208?
2, 1848013
What are the prime factors of 311416415?
5, 83, 750401
List the prime factors of 864228918.
2, 3, 7, 53, 223, 1741
List the prime factors of 2464280886.
2, 3, 19, 21616499
List the prime factors of 289042135.
5, 113, 511579
List the prime factors of 946777109.
946777109
What are the prime factors of 134251962?
2, 3, 13, 29, 59351
What are the prime factors of 5368901?
5368901
What are the prime factors of 3013700408?
2, 41, 43, 157, 1361
What are the prime factors of 56900911?
43, 173, 7649
What are the prime factors of 8066043138?
2, 3, 1344340523
List the prime factors of 60094546.
2, 30047273
What are the prime factors of 35632316?
2, 293, 30403
List the prime factors of 1354428.
2, 3, 12541
What are the prime factors of 510098053?
510098053
List the prime factors of 236921677.
29, 983, 8311
What are the prime factors of 2318914761?
3, 772971587
List the prime factors of 922454162.
2, 7, 41, 1607063
List the prime factors of 556563066.
2, 3, 92760511
List the prime factors of 963080252.
2, 37, 1217, 5347
List the prime factors of 20374288.
2, 11, 115763
List the prime factors of 212399060.
2, 5, 757, 14029
What are the prime factors of 770549331?
3, 79, 673, 4831
What are the prime factors of 82179343?
17, 4834079
List the prime factors of 313299195.
3, 5, 11, 1898783
List the prime factors of 174535477.
23, 7588499
List the prime factors of 902782330.
2, 5, 2917, 30949
What are the prime factors of 32093675?
5, 1087, 1181
What are the prime factors of 1330038676?
2, 43, 107, 72